{"id":2,"date":"2025-07-08T21:47:02","date_gmt":"2025-07-08T21:47:02","guid":{"rendered":"https:\/\/nauticacancun.com.mx\/?page_id=2"},"modified":"2025-07-21T15:15:48","modified_gmt":"2025-07-21T21:15:48","slug":"sample-page","status":"publish","type":"page","link":"https:\/\/nauticacancun.com.mx\/","title":{"rendered":"Sample Page"},"content":{"rendered":"\t\t<div data-elementor-type=\"wp-page\" data-elementor-id=\"2\" class=\"elementor elementor-2\" data-elementor-post-type=\"page\">\n\t\t\t\t<div class=\"elementor-element elementor-element-e80f75c e-flex e-con-boxed e-con e-parent\" data-id=\"e80f75c\" data-element_type=\"container\" data-settings=\"{&quot;background_background&quot;:&quot;classic&quot;}\">\n\t\t\t\t\t<div class=\"e-con-inner\">\n\t\t<div class=\"elementor-element elementor-element-b1b833d e-con-full e-flex e-con e-child\" data-id=\"b1b833d\" data-element_type=\"container\">\n\t\t\t\t<div class=\"elementor-element elementor-element-c3444d3 animated-slow elementor-invisible elementor-widget elementor-widget-heading\" data-id=\"c3444d3\" data-element_type=\"widget\" data-settings=\"{&quot;_animation&quot;:&quot;fadeIn&quot;}\" data-widget_type=\"heading.default\">\n\t\t\t\t\t<h2 class=\"elementor-heading-title elementor-size-default\">Vive la experiencia n\u00e1utica\n<\/h2>\t\t\t\t<\/div>\n\t\t\t\t<div class=\"elementor-element elementor-element-1512e4c animated-slow elementor-invisible elementor-widget elementor-widget-heading\" data-id=\"1512e4c\" data-element_type=\"widget\" data-settings=\"{&quot;_animation&quot;:&quot;fadeIn&quot;,&quot;_animation_delay&quot;:500}\" data-widget_type=\"heading.default\">\n\t\t\t\t\t<h1 class=\"elementor-heading-title elementor-size-default\">Descubre nuestro <br> Club de Yates en Canc\u00fan\n<\/h1>\t\t\t\t<\/div>\n\t\t\t\t<div class=\"elementor-element elementor-element-ebf9582 animated-slow elementor-invisible elementor-widget elementor-widget-heading\" data-id=\"ebf9582\" data-element_type=\"widget\" data-settings=\"{&quot;_animation&quot;:&quot;fadeIn&quot;,&quot;_animation_delay&quot;:500}\" data-widget_type=\"heading.default\">\n\t\t\t\t\t<h1 class=\"elementor-heading-title elementor-size-default\">Agenda tu cita para salir a navegar<br> con un c\u00f3ctel de cortes\u00eda sin costo<\/h1>\t\t\t\t<\/div>\n\t\t\t\t<div class=\"elementor-element elementor-element-2f03aff animated-slow elementor-invisible elementor-widget elementor-widget-text-editor\" data-id=\"2f03aff\" data-element_type=\"widget\" data-settings=\"{&quot;_animation&quot;:&quot;fadeIn&quot;,&quot;_animation_delay&quot;:700}\" data-widget_type=\"text-editor.default\">\n\t\t\t\t\t\t\t\t\t<p>Navega 1 hora gratis, sin\u00a0 costo,\u00a0 conoce nuestro club de yates y descubre beneficios alrededor del mundo<\/p><p>Reserva cuando antes. \u00a1Espacios limitados!<\/p>\t\t\t\t\t\t\t\t<\/div>\n\t\t\t\t<div class=\"elementor-element elementor-element-3f1ba20 elementor-widget__width-auto animated-slow elementor-align-center elementor-tablet-align-center elementor-invisible elementor-widget elementor-widget-button\" data-id=\"3f1ba20\" data-element_type=\"widget\" data-settings=\"{&quot;_animation&quot;:&quot;fadeInLeft&quot;,&quot;_animation_delay&quot;:1000}\" data-widget_type=\"button.default\">\n\t\t\t\t\t\t\t\t\t\t<a class=\"elementor-button elementor-button-link elementor-size-sm\" href=\"#elementor-action%3Aaction%3Dpopup%3Aopen%26settings%3DeyJpZCI6IjExOSIsInRvZ2dsZSI6ZmFsc2V9\">\n\t\t\t\t\t\t<span class=\"elementor-button-content-wrapper\">\n\t\t\t\t\t\t<span class=\"elementor-button-icon\">\n\t\t\t\t<i aria-hidden=\"true\" class=\"icon icon-right-arrow\"><\/i>\t\t\t<\/span>\n\t\t\t\t\t\t\t\t\t<span class=\"elementor-button-text\">Reserva<\/span>\n\t\t\t\t\t<\/span>\n\t\t\t\t\t<\/a>\n\t\t\t\t\t\t\t\t<\/div>\n\t\t\t\t<\/div>\n\t\t\t\t\t<\/div>\n\t\t\t\t<\/div>\n\t\t<div class=\"elementor-element elementor-element-2b3ed67 e-flex e-con-boxed e-con e-parent\" data-id=\"2b3ed67\" data-element_type=\"container\" data-settings=\"{&quot;background_background&quot;:&quot;classic&quot;}\">\n\t\t\t\t\t<div class=\"e-con-inner\">\n\t\t<div class=\"elementor-element elementor-element-18d35a1 e-con-full e-flex e-con e-child\" data-id=\"18d35a1\" data-element_type=\"container\">\n\t\t<div class=\"elementor-element elementor-element-b46ee99 e-con-full e-flex e-con e-child\" data-id=\"b46ee99\" data-element_type=\"container\">\n\t\t<div class=\"elementor-element elementor-element-6f85485 e-con-full e-flex e-con e-child\" data-id=\"6f85485\" data-element_type=\"container\">\n\t\t\t\t<div class=\"elementor-element elementor-element-5d03d2b animated-slow elementor-invisible elementor-widget elementor-widget-heading\" data-id=\"5d03d2b\" data-element_type=\"widget\" data-settings=\"{&quot;_animation&quot;:&quot;fadeInLeft&quot;,&quot;_animation_delay&quot;:500}\" data-widget_type=\"heading.default\">\n\t\t\t\t\t<h2 class=\"elementor-heading-title elementor-size-default\">Convi\u00e9rtete socio y disfruta:<\/h2>\t\t\t\t<\/div>\n\t\t\t\t<div class=\"elementor-element elementor-element-cd9137f animated-slow elementor-invisible elementor-widget elementor-widget-text-editor\" data-id=\"cd9137f\" data-element_type=\"widget\" data-settings=\"{&quot;_animation&quot;:&quot;fadeInLeft&quot;,&quot;_animation_delay&quot;:700}\" data-widget_type=\"text-editor.default\">\n\t\t\t\t\t\t\t\t\t<ul><li data-start=\"2065\" data-end=\"2101\"><p data-start=\"2067\" data-end=\"2101\">\u2705 Horas de yate a precio exclusivo<\/p><\/li><li data-start=\"2104\" data-end=\"2139\"><p data-start=\"2106\" data-end=\"2139\">\u2705 Descuentos en hospedaje premium<\/p><\/li><li data-start=\"2142\" data-end=\"2182\"><p data-start=\"2144\" data-end=\"2182\">\u2705 Servicios tur\u00edsticos a nivel mundial<\/p><\/li><li data-start=\"2185\" data-end=\"2215\"><p data-start=\"2187\" data-end=\"2215\">\u2705 Invitaciones a eventos VIP<\/p><\/li><li data-start=\"2218\" data-end=\"2261\"><p data-start=\"2220\" data-end=\"2261\">\u2705 Comunidad privada con beneficios \u00fanicos<\/p><\/li><\/ul>\t\t\t\t\t\t\t\t<\/div>\n\t\t\t\t<\/div>\n\t\t<div class=\"elementor-element elementor-element-2574d32 animated-slow e-con-full e-flex elementor-invisible e-con e-child\" data-id=\"2574d32\" data-element_type=\"container\" data-settings=\"{&quot;animation&quot;:&quot;fadeInRight&quot;,&quot;animation_delay&quot;:1000}\">\n\t\t\t\t<div class=\"elementor-element elementor-element-12db178 elementor-widget elementor-widget-image\" data-id=\"12db178\" data-element_type=\"widget\" data-widget_type=\"image.default\">\n\t\t\t\t\t\t\t\t\t\t\t\t\t\t\t<img fetchpriority=\"high\" decoding=\"async\" width=\"800\" height=\"932\" src=\"https:\/\/nauticacancun.com.mx\/wp-content\/uploads\/2025\/07\/yosemite-valley-at-cloudy-autumn-morning-2021-08-26-16-19-09-utc-1-879x1024.jpg\" class=\"attachment-large size-large wp-image-12\" alt=\"\" srcset=\"https:\/\/nauticacancun.com.mx\/wp-content\/uploads\/2025\/07\/yosemite-valley-at-cloudy-autumn-morning-2021-08-26-16-19-09-utc-1-879x1024.jpg 879w, https:\/\/nauticacancun.com.mx\/wp-content\/uploads\/2025\/07\/yosemite-valley-at-cloudy-autumn-morning-2021-08-26-16-19-09-utc-1-258x300.jpg 258w, https:\/\/nauticacancun.com.mx\/wp-content\/uploads\/2025\/07\/yosemite-valley-at-cloudy-autumn-morning-2021-08-26-16-19-09-utc-1-768x895.jpg 768w, https:\/\/nauticacancun.com.mx\/wp-content\/uploads\/2025\/07\/yosemite-valley-at-cloudy-autumn-morning-2021-08-26-16-19-09-utc-1.jpg 1133w\" sizes=\"(max-width: 800px) 100vw, 800px\" \/>\t\t\t\t\t\t\t\t\t\t\t\t\t\t\t<\/div>\n\t\t\t\t<div class=\"elementor-element elementor-element-e5c80ba elementor-widget elementor-widget-image\" data-id=\"e5c80ba\" data-element_type=\"widget\" data-widget_type=\"image.default\">\n\t\t\t\t\t\t\t\t\t\t\t\t\t\t\t<img decoding=\"async\" width=\"768\" height=\"511\" src=\"https:\/\/nauticacancun.com.mx\/wp-content\/uploads\/2025\/07\/servicios-768x511.jpg\" class=\"attachment-medium_large size-medium_large wp-image-115\" alt=\"\" srcset=\"https:\/\/nauticacancun.com.mx\/wp-content\/uploads\/2025\/07\/servicios-768x511.jpg 768w, https:\/\/nauticacancun.com.mx\/wp-content\/uploads\/2025\/07\/servicios-300x200.jpg 300w, https:\/\/nauticacancun.com.mx\/wp-content\/uploads\/2025\/07\/servicios.jpg 1024w\" sizes=\"(max-width: 768px) 100vw, 768px\" \/>\t\t\t\t\t\t\t\t\t\t\t\t\t\t\t<\/div>\n\t\t\t\t<\/div>\n\t\t\t\t<\/div>\n\t\t<div class=\"elementor-element elementor-element-4e5b6ef e-con-full e-flex e-con e-child\" data-id=\"4e5b6ef\" data-element_type=\"container\" data-settings=\"{&quot;background_background&quot;:&quot;classic&quot;}\">\n\t\t<div class=\"elementor-element elementor-element-4c5e003 animated-slow e-con-full e-flex elementor-invisible e-con e-child\" data-id=\"4c5e003\" data-element_type=\"container\" data-settings=\"{&quot;animation&quot;:&quot;fadeIn&quot;,&quot;animation_delay&quot;:1300}\">\n\t\t\t\t<div class=\"elementor-element elementor-element-7098fce elementor-view-default elementor-position-top elementor-mobile-position-top elementor-widget elementor-widget-icon-box\" data-id=\"7098fce\" data-element_type=\"widget\" data-widget_type=\"icon-box.default\">\n\t\t\t\t\t\t\t<div class=\"elementor-icon-box-wrapper\">\n\n\t\t\t\t\t\t<div class=\"elementor-icon-box-icon\">\n\t\t\t\t<span  class=\"elementor-icon\">\n\t\t\t\t<i aria-hidden=\"true\" class=\"icon icon-car-1\"><\/i>\t\t\t\t<\/span>\n\t\t\t<\/div>\n\t\t\t\n\t\t\t\t\t\t<div class=\"elementor-icon-box-content\">\n\n\t\t\t\t\t\t\t\t\t<h3 class=\"elementor-icon-box-title\">\n\t\t\t\t\t\t<span  >\n\t\t\t\t\t\t\t\u00bfQu\u00e9 es el Club N\u00e1utico?\t\t\t\t\t\t<\/span>\n\t\t\t\t\t<\/h3>\n\t\t\t\t\n\t\t\t\t\t\t\t\t\t<p class=\"elementor-icon-box-description\">\n\t\t\t\t\t\tBienvenido al Club N\u00e1utico Canc\u00fan, tu acceso exclusivo a experiencias de lujo en el mar. <br>\nDisfruta salidas en yate, eventos especiales y beneficios \u00fanicos al rededor del mundo, por ser miembro.\n\t\t\t\t\t<\/p>\n\t\t\t\t\n\t\t\t<\/div>\n\t\t\t\n\t\t<\/div>\n\t\t\t\t\t\t<\/div>\n\t\t\t\t<\/div>\n\t\t<div class=\"elementor-element elementor-element-000c5a7 animated-slow e-con-full e-flex elementor-invisible e-con e-child\" data-id=\"000c5a7\" data-element_type=\"container\" data-settings=\"{&quot;animation&quot;:&quot;fadeIn&quot;,&quot;animation_delay&quot;:1400}\">\n\t\t\t\t<div class=\"elementor-element elementor-element-963e4bc elementor-view-default elementor-position-top elementor-mobile-position-top elementor-widget elementor-widget-icon-box\" data-id=\"963e4bc\" data-element_type=\"widget\" data-widget_type=\"icon-box.default\">\n\t\t\t\t\t\t\t<div class=\"elementor-icon-box-wrapper\">\n\n\t\t\t\t\t\t<div class=\"elementor-icon-box-icon\">\n\t\t\t\t<span  class=\"elementor-icon\">\n\t\t\t\t<i aria-hidden=\"true\" class=\"icon icon-badge\"><\/i>\t\t\t\t<\/span>\n\t\t\t<\/div>\n\t\t\t\n\t\t\t\t\t\t<div class=\"elementor-icon-box-content\">\n\n\t\t\t\t\t\t\t\t\t<h3 class=\"elementor-icon-box-title\">\n\t\t\t\t\t\t<span  >\n\t\t\t\t\t\t\t\u00bfQu\u00e9 incluye la experiencia de bienvenida?\t\t\t\t\t\t<\/span>\n\t\t\t\t\t<\/h3>\n\t\t\t\t\n\t\t\t\t\t\t\t\t\t<p class=\"elementor-icon-box-description\">\n\t\t\t\t\t\t\ud83c\udf89 1 hora de navegaci\u00f3n con tripulaci\u00f3n  <br>\n\ud83c\udf78 C\u00f3ctel de cortes\u00eda a bordo  <br>\n\ud83d\udcf8 Tiempo para fotos y relax en el mar  <br>\n\ud83d\udcac Charla informativa sobre los beneficios del club\n\t\t\t\t\t<\/p>\n\t\t\t\t\n\t\t\t<\/div>\n\t\t\t\n\t\t<\/div>\n\t\t\t\t\t\t<\/div>\n\t\t\t\t<\/div>\n\t\t\t\t<\/div>\n\t\t\t\t<\/div>\n\t\t\t\t\t<\/div>\n\t\t\t\t<\/div>\n\t\t\t\t<section class=\"elementor-section elementor-top-section elementor-element elementor-element-6e6440e9 elementor-section-full_width animated-slow elementor-section-height-default elementor-section-height-default elementor-invisible\" data-id=\"6e6440e9\" data-element_type=\"section\" data-settings=\"{&quot;animation&quot;:&quot;fadeInLeft&quot;,&quot;animation_delay&quot;:900}\">\n\t\t\t\t\t\t<div class=\"elementor-container elementor-column-gap-no\">\n\t\t\t\t\t<div class=\"elementor-column elementor-col-100 elementor-top-column elementor-element elementor-element-1aee6e44 elementor-hidden-mobile\" data-id=\"1aee6e44\" data-element_type=\"column\">\n\t\t\t<div class=\"elementor-widget-wrap\">\n\t\t\t\t\t\t\t<\/div>\n\t\t<\/div>\n\t\t\t\t\t<\/div>\n\t\t<\/section>\n\t\t<div class=\"elementor-element elementor-element-f17b88c e-flex e-con-boxed e-con e-parent\" data-id=\"f17b88c\" data-element_type=\"container\">\n\t\t\t\t\t<div class=\"e-con-inner\">\n\t\t<div class=\"elementor-element elementor-element-245f3d3 e-con-full e-flex e-con e-child\" data-id=\"245f3d3\" data-element_type=\"container\">\n\t\t<div class=\"elementor-element elementor-element-2081dfe e-con-full e-flex e-con e-child\" data-id=\"2081dfe\" data-element_type=\"container\">\n\t\t<div class=\"elementor-element elementor-element-217b044 e-con-full e-flex e-con e-child\" data-id=\"217b044\" data-element_type=\"container\">\n\t\t\t\t<div class=\"elementor-element elementor-element-6f21358 elementor-view-default elementor-position-top elementor-mobile-position-top elementor-widget elementor-widget-icon-box\" data-id=\"6f21358\" data-element_type=\"widget\" data-widget_type=\"icon-box.default\">\n\t\t\t\t\t\t\t<div class=\"elementor-icon-box-wrapper\">\n\n\t\t\t\t\t\t<div class=\"elementor-icon-box-icon\">\n\t\t\t\t<span  class=\"elementor-icon\">\n\t\t\t\t<i aria-hidden=\"true\" class=\"icon icon-car-1\"><\/i>\t\t\t\t<\/span>\n\t\t\t<\/div>\n\t\t\t\n\t\t\t\t\t\t<div class=\"elementor-icon-box-content\">\n\n\t\t\t\t\t\t\t\t\t<h3 class=\"elementor-icon-box-title\">\n\t\t\t\t\t\t<span  >\n\t\t\t\t\t\t\t\u00a1Ag\u00e9ndalo ahora y zarpa con nosotros!\t\t\t\t\t\t<\/span>\n\t\t\t\t\t<\/h3>\n\t\t\t\t\n\t\t\t\t\t\t\t\t\t<p class=\"elementor-icon-box-description\">\n\t\t\t\t\t\t\n\t\t\t\t\t<\/p>\n\t\t\t\t\n\t\t\t<\/div>\n\t\t\t\n\t\t<\/div>\n\t\t\t\t\t\t<\/div>\n\t\t\t\t<div class=\"elementor-element elementor-element-5ebe949 elementor-align-center elementor-widget elementor-widget-button\" data-id=\"5ebe949\" data-element_type=\"widget\" data-widget_type=\"button.default\">\n\t\t\t\t\t\t\t\t\t\t<a class=\"elementor-button elementor-button-link elementor-size-sm\" href=\"#elementor-action%3Aaction%3Dpopup%3Aopen%26settings%3DeyJpZCI6IjExOSIsInRvZ2dsZSI6ZmFsc2V9\">\n\t\t\t\t\t\t<span class=\"elementor-button-content-wrapper\">\n\t\t\t\t\t\t\t\t\t<span class=\"elementor-button-text\">Quiero vivir la experiencia<\/span>\n\t\t\t\t\t<\/span>\n\t\t\t\t\t<\/a>\n\t\t\t\t\t\t\t\t<\/div>\n\t\t\t\t<\/div>\n\t\t\t\t<\/div>\n\t\t\t\t<\/div>\n\t\t\t\t\t<\/div>\n\t\t\t\t<\/div>\n\t\t\t\t<\/div>\n\t\t","protected":false},"excerpt":{"rendered":"<p>Vive la experiencia n\u00e1utica Descubre nuestro Club de Yates en Canc\u00fan Agenda tu cita para salir a navegar con un c\u00f3ctel de cortes\u00eda sin costo Navega 1 hora gratis, sin\u00a0 costo,\u00a0 conoce nuestro club de yates y descubre beneficios alrededor del mundo Reserva cuando antes. \u00a1Espacios limitados! Reserva Convi\u00e9rtete socio y disfruta: \u2705 Horas de [&hellip;]<\/p>\n","protected":false},"author":1,"featured_media":0,"parent":0,"menu_order":0,"comment_status":"closed","ping_status":"open","template":"","meta":{"footnotes":""},"class_list":["post-2","page","type-page","status-publish","hentry"],"_links":{"self":[{"href":"https:\/\/nauticacancun.com.mx\/index.php?rest_route=\/wp\/v2\/pages\/2","targetHints":{"allow":["GET"]}}],"collection":[{"href":"https:\/\/nauticacancun.com.mx\/index.php?rest_route=\/wp\/v2\/pages"}],"about":[{"href":"https:\/\/nauticacancun.com.mx\/index.php?rest_route=\/wp\/v2\/types\/page"}],"author":[{"embeddable":true,"href":"https:\/\/nauticacancun.com.mx\/index.php?rest_route=\/wp\/v2\/users\/1"}],"replies":[{"embeddable":true,"href":"https:\/\/nauticacancun.com.mx\/index.php?rest_route=%2Fwp%2Fv2%2Fcomments&post=2"}],"version-history":[{"count":21,"href":"https:\/\/nauticacancun.com.mx\/index.php?rest_route=\/wp\/v2\/pages\/2\/revisions"}],"predecessor-version":[{"id":165,"href":"https:\/\/nauticacancun.com.mx\/index.php?rest_route=\/wp\/v2\/pages\/2\/revisions\/165"}],"wp:attachment":[{"href":"https:\/\/nauticacancun.com.mx\/index.php?rest_route=%2Fwp%2Fv2%2Fmedia&parent=2"}],"curies":[{"name":"wp","href":"https:\/\/api.w.org\/{rel}","templated":true}]}}